common factor of 20160 and 612?
36
Calculate the highest common factor of 16 and 48656.
16
What is the greatest common divisor of 456 and 357656?
152
What is the highest common divisor of 9702 and 522?
18
Calculate the greatest common divisor of 120 and 81080.
40
Calculate the highest common divisor of 245 and 23800.
35
What is the highest common divisor of 838 and 54?
2
Calculate the highest common divisor of 310464 and 2673.
99
What is the highest common divisor of 216 and 4482?
54
Calculate the highest common factor of 11872 and 1568.
224
Calculate the greatest common factor of 666249 and 2636.
659
Calculate the greatest common factor of 9081 and 306.
9
What is the greatest common factor of 24855 and 225?
15
Calculate the highest common divisor of 1770 and 1659375.
885
Calculate the highest common factor of 588948 and 3.
3
What is the greatest common factor of 16975 and 875?
175
Calculate the highest common factor of 2562 and 56791.
427
What is the highest common factor of 1209769 and 8591?
781
What is the greatest common factor of 36853 and 274?
137
Calculate the greatest common divisor of 870 and 844335.
435
Calculate the highest common divisor of 994350 and 735.
105
What is the highest common factor of 203757 and 69?
69
Calculate the greatest common divisor of 5901904 and 326.
326
What is the highest common factor of 453231 and 9?
9
What is the highest common divisor of 14 and 49?
7
Calculate the highest common divisor of 9271 and 16383.
127
Calculate the greatest common divisor of 5283 and 174926.
587
What is the highest common divisor of 77 and 19932?
11
What is the highest common factor of 117 and 8268?
39
Calculate the greatest common divisor of 18444 and 225156.
348
What is the greatest common divisor of 182 and 16142?
14
What is the highest common divisor of 3981 and 615?
3
Calculate the greatest common divisor of 147 and 1351567.
49
Calculate the highest common factor of 8997757 and 106.
53
Calculate the highest common factor of 162048 and 36.
12
Calculate the greatest common factor of 2419 and 4661.
59
What is the highest common divisor of 4255 and 4715?
115
Calculate the greatest common divisor of 2272 and 20377.
71
Calculate the highest common factor of 2033 and 6859.
19
What is the highest common divisor of 56646 and 72?
18
What is the greatest common factor of 4425 and 555?
15
What is the greatest common divisor of 3726176 and 96?
32
Calculate the highest common divisor of 22774 and 1298.
118
Calculate the highest common divisor of 833 and 28189.
7
Calculate the highest common divisor of 50848 and 448.
224
Calculate the greatest common factor of 69 and 23073.
3
What is the highest common divisor of 53 and 5495517?
53
What is the highest common factor of 14 and 482993?
7
Calculate the highest common factor of 58 and 56057.
29
What is the highest common factor of 6760 and 26195?
845
What is the greatest common divisor of 1526 and 4?
2
Calculate the greatest common factor of 13 and 3734029.
13
What is the greatest common divisor of 4 and 28702?
2
Calculate the greatest common factor of 189 and 8397.
27
Calculate the highest common factor of 144 and 327104.
16
What is the highest common factor of 846 and 228044?
94
What is the highest common divisor of 4025 and 425?
25
What is the highest common divisor of 3186 and 47318?
118
Calculate the greatest common divisor of 8733 and 6816.
213
Calculate the highest common divisor of 177 and 18703.
59
Calculate the greatest common divisor of 49300 and 87.
29
What is the greatest common divisor of 69729 and 264?
33
Calculate the greatest common factor of 2145 and 25155.
195
What is the highest common factor of 2601 and 3264?
51
Calculate the greatest common factor of 198 and 14058.
198
Calculate the highest common factor of 38050 and 72.
2
What is the greatest common factor of 65 and 505895?
65
Calculate the greatest common divisor of 90 and 292608.
18
What is the highest common divisor of 32 and 44344?
8
Calculate the greatest common divisor of 532 and 25916.
76
What is the highest common factor of 4736207 and 7?
7
Calculate the highest common divisor of 24 and 1154488.
8
Calculate the highest common factor of 10188 and 180.
36
What is the highest common factor of 5904 and 3142896?
1968
What is the highest common divisor of 267121 and 646?
323
Calculate the highest common divisor of 46143 and 459.
27
Calculate the greatest common divisor of 204 and 389079.
51
What is the greatest common factor of 14 and 6695374?
14
What is the greatest common factor of 9663 and 9?
3
Calculate the highest common divisor of 183 and 1263432.
183
What is the highest common divisor of 10 and 503?
1
Calculate the highest common factor of 451173 and 236.
59
Calculate the highest common divisor of 17 and 63631.
17
Calculate the greatest common factor of 279 and 138260.
31
What is the greatest common factor of 98725 and 22?
11
What is the highest common factor of 1070 and 167455?
535
What is the greatest common factor of 124168 and 13464?
1496
What is the greatest common factor of 2122383 and 801?
267
What is the highest common factor of 30 and 9558030?
30
What is the greatest common factor of 36981 and 63?
63
Calculate the highest common divisor of 84 and 75572.
28
Calculate the greatest common factor of 4224 and 10472.
88
What is the greatest common factor of 51 and 81413?
17
Calculate the highest common factor of 1395 and 49755.
465
Calculate the highest common factor of 12299 and 59487.
251
Calculate the highest common divisor of 22 and 5614004.
22
What is the greatest common factor of 212 and 180836?
212
Calculate the highest common divisor of 3019 and 1.
1
Calculate the greatest common divisor of 36 and 218142.
18
Calculate the highest common divisor of 246 and 163098.
246
What is the highest common divisor of 1480 and 502830?
370
What is the highest common divisor of 2 and 1795?
1
Calculate the highest common divisor of 496 and 14477.
31
What is the highest common factor of 31460 and 728?
52
What is the highest common divisor of 693063 and 216?
27
What is the greatest common factor of 51068 and 6392?
68
Calculate the greatest common factor of 217841 and 26.
13
Calculate the greatest common divisor of 1498 and 65698.
214
Calculate the greatest common divisor of 39579 and 11523.
501
What is the highest common divisor of 3346920 and 24?
24
What is the highest common factor of 10473 and 69?
3
What is the greatest common factor of 2457 and 6435?
117
What is the greatest common divisor of 23478 and 1274?
182
Calculate the greatest common divisor of 196163 and 22.
11
Calculate the greatest common divisor of 5809 and 407.
37
Calculate the greatest common divisor of 506 and 327382.
506
Calculate the highest common factor of 16836 and 34404.
732
What is the highest common factor of 7832 and 2398?
22
What is the greatest common factor of 13871 and 3007?
97
Calculate the greatest common divisor of 771 and 7197.
3
Calculate the highest common factor of 1278 and 48.
6
What is the highest common divisor of 210 and 4800390?
210
What is the greatest common factor of 74 and 999?
37
What is the highest common factor of 3960 and 18540?
180
What is the greatest common factor of 1288 and 76664?
56
Calculate the highest common divisor of 303 and 7179.
3
Calculate the highest common factor of 416 and 1911.
13
Calculate the highest common factor of 2244 and 132220.
44
Calculate the highest common divisor of 41496 and 2280.
456
Calculate the highest common factor of 3528 and 5544.
504
What is the highest common divisor of 1802 and 604306?
106
Calculate the greatest common factor of 1366 and 283445.
683
Calculate the highest common factor of 11381 and 798.
19
What is the highest common factor of 741 and 718485?
57
Calculate the highest common divisor of 873 and 441.
9
Calculate the greatest common factor of 113 and 8671846.
113
What is the greatest common divisor of 720 and 14480?
80
Calculate the greatest common divisor of 48 and 297652.
4
What is the greatest common factor of 312 and 18954?
78
Calculate the greatest common divisor of 5410833 and 93.
93
What is the greatest common factor of 27973 and 110?
11
What is the highest common divisor of 1487906 and 14?
14
Calculate the highest common divisor of 8075 and 89471.
323
What 